23
Let n be (-1)/((20/(-248))/(-5)) - -5. Suppose 0 = -5*k - 10, -x + 3*k + 45 + 43 = 0. Let v = n + x. Calculate the highest common divisor of 10 and v.
5
Suppose 5*v - 10 = -5*o - 5, -5*v = -3*o - 5. Calculate the greatest common factor of 73 and v.
1
Let b(o) = -o**2 - 12*o + 19. Let a be b(-13). Let y(r) = 7*r - 23. Let c be y(a). Calculate the greatest common divisor of 171 and c.
19
Let o(l) = 2*l + 1. Let y be o(2). Suppose -y*n + 6 = -114. Suppose 5*j - 96 = 3*j. Calculate the highest common factor of j and n.
24
Let v(z) = 20*z + 2. Let h(s) = 7*s + 1. Let m(l) = -17*h(l) + 6*v(l). Let c be m(10). Calculate the highest common divisor of c and 25.
5
Suppose 5*s + 19 = j, -4*j = 5*s - 3 + 2. Suppose -9*h = -j*h - 60. Suppose -34 + 10 = -2*a. Calculate the greatest common divisor of h and a.
12
Let p(h) = h**2 + 1. Let w be p(-1). Suppose -w*c = 6*c - 520. Calculate the greatest common factor of c and 13.
13
Let d be -8 - (-7 + 13 + -173). Calculate the highest common divisor of 106 and d.
53
Let f = 233 - 232. Calculate the highest common divisor of f and 7.
1
Suppose -4*v + 5*w = -952, -5*v + 5*w + 915 = -280. Let i be 117/26*1*6. Calculate the greatest common factor of i and v.
27
Let l(s) = 3*s**2 - 27*s + 33. Let y(d) = 2*d**2 - 18*d + 22. Let n(x) = 5*l(x) - 8*y(x). Let z be n(6). Calculate the greatest common divisor of z and 7.
7
Let p be (-36)/(-84) - (-50)/14. Suppose -5*l = -h - 16, -3*l + h = -3*h + p. What is the highest common divisor of l and 44?
4
Let f(a) = 895*a - 632. Let t be f(4). Calculate the highest common factor of t and 11.
11
Suppose 4*o + 7*b = 2*b + 65, 5*o - 45 = b. Suppose 0 = o*n - 6*n - 48. Let q = 71 + -35. What is the highest common factor of q and n?
12
Let r(j) = -3*j + 37. Suppose z + 4*t - 16 = -3*z, -2*z = -3*t - 33. Let u be r(z). Calculate the highest common divisor of u and 5.
5
Suppose q - 23*h = -20*h + 12, 60 = 5*q + 4*h. Let r = 27 - -81. Calculate the highest common divisor of r and q.
12
Let h be 1/(-2) + 16 + 116/8. Calculate the greatest common factor of 138 and h.
6
Let a be (0 + 1)/(-1 + 2). Calculate the greatest common divisor of a and 41.
1
Suppose 0 = 4*t + 2*m - 92, 5*t - 68 - 34 = 4*m. Let q be (t - 11) + (0 - 1). Let a be 106/q - (-8)/20. Calculate the highest common divisor of 55 and a.
11
Suppose 0 = 2*h - 4*m - 70, -2*h - 6*m = -2*m - 62. Suppose 2*w = h + 9. What is the highest common factor of 3 and w?
3
Suppose 0*j + 5*j = 0, 0 = -5*z - 2*j + 230. Calculate the highest common divisor of 23 and z.
23
Suppose -2*t = 3*q - 140, 4*q - 9*q + 232 = 3*t. Calculate the highest common divisor of q and 11.
11
Suppose -f + 0*f + 117 = 0. Suppose -27 + 15 = 3*k. Let o be k/10 + -2 + (-231)/(-15). What is the highest common factor of f and o?
13
Let r(j) = j**3 + 14*j**2 - 15*j + 8. Let z be r(-15). Let s be 679/z - (-5)/40. What is the highest common factor of s and 17?
17
Let g be 32 - ((-10 - -4) + 2). Let l be (g/(-14))/((-2)/84). What is the highest common divisor of 36 and l?
36
Let t = 374 - 152. What is the greatest common divisor of 6 and t?
6
Suppose -4*f + 2*v + 226 = -56, 3*f - 225 = -3*v. Calculate the highest common factor of f and 168.
24
Suppose 5*n + 3*d = 9*n - 624, -d = -4*n + 624. What is the greatest common factor of 24 and n?
12
Let k = -533 - -543. Calculate the greatest common factor of 55 and k.
5
Suppose 2*n + 0*n + u - 923 = 0, 0 = -2*n - 4*u + 920. Suppose -4*t - n = -10*t. What is the greatest common divisor of t and 7?
7
Suppose 25*v - 8149 = 4751. What is the highest common factor of 43 and v?
43
Let z(i) = -3*i**3 - 7*i**2 - 9*i - 49. Let r be z(-7). Calculate the greatest common factor of 14 and r.
14
Let c(n) = -n + 13. Let d be c(0). Let h = -21 + d. Let a = h - -21. Calculate the greatest common divisor of a and 117.
13
Let y be 12/(-14)*-7 + 0. Let v = 7 + -1. What is the highest common factor of v and y?
6
Let k be 4/6 + (-2590)/(-30). What is the greatest common factor of k and 3?
3
Suppose 124 = 2*f + 4*h, 0 = 3*f + 6*h - 9*h - 231. Calculate the greatest common divisor of f and 48.
24
Suppose 2*j + 4 = 3*j. What is the greatest common factor of 3 and j?
1
Suppose 0 = 19*x - 185 + 71. Calculate the greatest common factor of 15 and x.
3
Suppose -7 = -m + 4*c - 8, 0 = 2*c - 10. Let f = -16 + m. What is the highest common divisor of 1 and f?
1
Suppose 4*r = 5*o + 5, 14 = 4*r - o - 3. Let n be 15/r - 1*-23. Suppose 0 = 4*t - 2*t - 156. What is the highest common factor of n and t?
26
Let w = 299 - 209. Suppose -2*c + w = 8*c. Calculate the highest common divisor of 63 and c.
9
Let o = -186 + 279. Calculate the highest common divisor of o and 31.
31
Let y = -17 + 14. Let s be (238 - 0)*y/(-6). What is the highest common factor of s and 17?
17
Let h be (-4)/28 + 1856/56. Let p be -11*2/(-2)*1. Calculate the greatest common divisor of h and p.
11
Let m = 49 - 24. Let d = 46 + 4. What is the greatest common factor of d and m?
25
Suppose 11 = -v - 7. Let s = 160 + v. Suppose s - 17 = 5*l. What is the greatest common divisor of 225 and l?
25
Suppose 0*h - 2*h = 5*a + 38, 0 = -h + 3*a - 8. Let d = 15 + h. Let u = 0 - -2. Calculate the greatest common factor of u and d.
1
Suppose -2*x + 5*x = 54. Let p be ((-3)/(-9))/((-4)/(-24)). Calculate the greatest common factor of p and x.
2
Let p be 2/9 - (3 - 939/27). Calculate the highest common divisor of 544 and p.
32
Let t(j) = j**3 - 14*j**2 - 12*j - 43. Let r be t(15). What is the highest common factor of r and 1?
1
Suppose 0*c - 120 = -5*c. Let o be 1/5 - c/(-5). Calculate the highest common divisor of 25 and o.
5
Let l be 63*(-23)/((-138)/4). What is the highest common divisor of l and 114?
6
Let f = 74 - -36. Suppose -16 + 6 = -2*j. Let z be 10*j/4*16/20. What is the highest common divisor of f and z?
10
Suppose 0 = -0*s + s - 104. Let c(l) = l**2 + 23*l - 95. Let f be c(-27). What is the highest common divisor of s and f?
13
Let t(k) = k**3 + k**2 + 12. Let q be t(0). Suppose l = 19 + 113. What is the greatest common factor of l and q?
12
Suppose -5*r + 134 = -86. Suppose 14*j - r = 10*j. Calculate the highest common divisor of 55 and j.
11
Let u(k) = -3*k + 9*k - 13 + 1. Let t be u(7). What is the highest common factor of 45 and t?
15
Let o be (-16 - -13)/(-3 + 51/18). Calculate the highest common divisor of o and 18.
18
Let y = 7 - 9. Let q be y - 1 - (-137 + (-6 - 0)). Calculate the greatest common divisor of 56 and q.
28
Let i(f) = f + 5*f**3 - 3*f**3 - 3*f**3 - 5*f - 6 - 9*f**2. Let x be i(-9). Let o be 13/1 + 2/(-2). Calculate the highest common divisor of o and x.
6
Let n(h) = h**2 + h - 4. Let x be n(-5). Let c = 9 + -4. Suppose -180 - 118 = -2*t - c*u, 3*t - 424 = 4*u. What is the greatest common divisor of t and x?
16
Suppose -3*v - 4*v = -518. What is the highest common factor of 185 and v?
37
Suppose -6 = -w - 2*m, -39 = -3*w - 2*m + 3*m. What is the greatest common factor of w and 30?
6
Suppose -505 = -23*n + 3037. Calculate the greatest common factor of n and 14.
14
Suppose 61 = 3*m - 23. Suppose -5*f + 65 = 5*y, -2*y - m = -3*y - 4*f. Let v be 210/3 - (1 + -3). Calculate the highest common divisor of y and v.
8
Let h(p) = -5*p**2 + 53*p - 18. Let o be h(10). Calculate the greatest common factor of o and 54.
6
Suppose -4*r + 50 - 42 = 0. Suppose 0 = -r*v + 237 + 1. Let w be 14/(-21) + 53/3. Calculate the greatest common factor of w and v.
17
Suppose 2*l + 7 = -3*i + 155, -2*i - 248 = -3*l. Calculate the highest common factor of 32 and l.
16
Let r be (30/(-40))/(9/(-24)). What is the greatest common divisor of r and 64?
2
Let c be (-3 + -2)*24/(-30). Suppose 0*p - 68 = -c*i - 4*p, -4*i = -3*p - 61. What is the greatest common factor of 16 and i?
16
Let y(g) = g**3 + 14*g**2 + 12*g - 13. Let u be y(-13). Suppose u = -3*t + 102 + 6. What is the greatest common divisor of 12 and t?
12
Let h = 70 - 58. Let l be (0 + 27)/(4 - (-13)/(-4)). What is the greatest common factor of h and l?
12
Let n(o) = 5*o + 27. Let u be n(0). Calculate the greatest common factor of 297 and u.
27
Let h be ((-10)/(-8))/((-9)/(-432)*6). Suppose -p + 4*v + 5 = -4, 3*v - 12 = 0. Calculate the highest common factor of p and h.
5
Let h(y) = 5*y + 90. Let c be h(15). Calculate the greatest common factor of c and 15.
15
Le